 1 - 59?
-69
What is the value of -64 + (-10 - (8 - (17 + -10 - -1))) - 8?
-82
Evaluate 114 + -295 + 19 + 106.
-56
What is the value of -4921 + 4931 + 8 + (3 - 2) + 2?
21
-62 + 14 - -5 - ((-3 - 2) + (-3 - -5))
-40
-22 + (-23 - -11) - (7 + -4 + 1)
-38
Evaluate -32 - (-110 + 55) - -3.
26
Calculate 8 + -71 - (-996 - -996).
-63
What is 132 + 132 + -258 + -29 + 1?
-22
What is 2207 - 2192 - (2 - -76)?
-63
Calculate -510 - -461 - (-10 + -1) - -30.
-8
What is the value of -26 - ((569 - 635) + (0 - 17))?
57
What is (4624 - 4679) + -5 + 0?
-60
What is 9 - ((-4 - (5 - (18 + -8))) + 7 + 37)?
-36
Calculate (4 - -7) + 8 + -11 - 3 - -1.
6
Evaluate (-31 - (-3 + -3 + 3)) + (26 - (33 + -17)).
-18
Evaluate 96 + -55 + (16 - 4).
53
Evaluate -6 + 26 + 48 + -50.
18
Evaluate 0 + -1 + 8 + -19 + 55.
43
Calculate (-6 - -3) + 22 + (1898 - 1921).
-4
Evaluate (-16 - (-27 + (13 - 18)) - (-40 - -8)) + -10.
38
Calculate 35 + 1 + -10 + 6.
32
What is the value of (9 - -12) + -8 - (25 + 11 + 10 + -14)?
-19
((2 - 3) + 0 + -2 - -1) + 1533 + -1504
27
Calculate -22 - ((-2 - 26) + 197 + -142).
-49
What is the value of (-89 - -14) + (-297 - -331)?
-41
What is the value of -1 - (18 - 17) - (-38 - -54)?
-18
-28 + -13 - (-58 - (57 + -120))
-46
What is -24 + (46 - 16 - 11) + (-2 - (6 + 0))?
-13
Calculate (11 - -2) + (-19 - -1 - -18) - -19.
32
What is the value of (49 - 29) + -2 + 10 - 21?
7
What is the value of -24 - (19 + -2 + -10 - 9) - 2?
-24
What is the value of (59 - 1) + (8248 - 8319)?
-13
Calculate -39 + 1 + 22 + -20 + 13 - -87.
64
Calculate 55 + 6 + 4 + (0 - (3 - 0)).
62
(-2 + 4 - 5) + -1 + 8 + 54
58
Evaluate -8 - (-8 - -11 - 4) - (-3 - (45 - -1)).
42
What is 15 + -1 - (81 + 68 - 102)?
-33
Calculate -37 + 41 + -20 - 12 - (4 - 15).
-17
Evaluate 66 + -163 + 58 - -60.
21
Evaluate -65 - (-13 + 32 + -5 + (-30 - -1)).
-50
What is the value of -3 + -1 + (26 + (-16 - -9) - 10) + -120?
-115
4 + 55 + -12 - 16 - 14
17
What is the value of -59 + (-48 + 18 - -33)?
-56
Calculate 24 + -6 + 106 + -103 + -49.
-28
What is -124 + (-134 - -320) - 66?
-4
What is the value of (-1 - -54) + -4 + -1 + 22 + -4?
66
Evaluate 20 + 8 + (5 + 15 - 9) + -5.
34
What is (-22 + 38 + -40 - -18) + -4?
-10
What is the value of -7 - 0 - (-90 - (-14 + (0 - -8) + -2))?
75
-17 - (258 - 119) - -71
-85
Evaluate (50 - 39) + -19 + 3 + 119 + -12 + 2.
104
What is the value of 20 - (18 + -5 + -40 + 16)?
31
What is the value of 47 - (1 - -7 - (39 + -20) - -29)?
29
What is -22 + 1 + 33 - (4 + 4 + 7)?
-3
What is -42 + (-46 + -23 - -59 - (1 - 17)) + 13?
-23
What is the value of (-614 - -632) + -30 + 0 - (-2 - -34)?
-44
Calculate 2687 + -2789 + (49 - (0 + 2)).
-55
Evaluate 485 + -457 - (51 - 4).
-19
Evaluate 9 + (-15 - (-4 - 15) - 14) + 13 + 3.
15
Calculate 0 - 1 - (-6 + 12 + 1 + (68 - 17)).
-59
Evaluate -110 + 218 + -86 + 16.
38
Calculate (107 - 73 - 8) + 1 + 13.
40
-20 + 46 + 8 + 17
51
What is the value of (259 - 234) + (-17 - -1) - -105?
114
What is the value of 10 + 0 + 11 + -23 + 7 + -1?
4
What is the value of 61 - (-10 + (13 - 1 - (-575 - -566)))?
50
11 - -16 - -8 - (-10 - (-12 - -6))
39
What is (157 - (-117 - -146)) + -213?
-85
-68 + 2 + 58 + -35
-43
Evaluate 19 + (-19 - -39) - (10 + -3).
32
Calculate (36 - 16 - (6 + 2 - -7)) + -88.
-83
What is the value of (-22 - 1) + 1528 + -1492 - ((1 - -64) + 3)?
-55
What is the value of 59 + -40 - (-8 - (2 - 15))?
14
Evaluate (2 + -1 + -2 - (-352 - -339)) + -12.
0
-3 + (13 + (-14 - 3) - (-12 + -2))
7
What is the value of -32 - ((-1 - -3) + 11 + -9 + -13 + 24)?
-47
Evaluate (-7 + 9 - -7) + 1 + (26 - 11) + -45.
-20
Calculate (-7 - (-8 + (10 - (3 + 14)))) + -83.
-75
56 - (-35 + 95) - (-1 - -1) - 5
-9
Calculate (-350 - -129) + (215 - 60).
-66
What is the value of (-270 - -161) + 17 + 82?
-10
What is the value of (-9 - (0 - -2 - (-6 - -17))) + 7 - 51?
-44
Calculate 4 - (-12 + 6) - (36 + (-4 - -9)).
-31
What is 5 - (1 - (3 + -2)) - (-26 - (1 - -3))?
35
What is the value of 1 + 28 + 6 + -4 - (13 - (18 + -8))?
28
What is (-6 + (16 - (-1 - -16)) + 7 - -6) + -127?
-119
(1292 - 1321) + (2 - -44)
17
Calculate -42 - (10 - (21 + -21 + 23)).
-29
What is -11 - (-23 - -13) - (-10 + (-8 - -27))?
-10
What is the value of -4 - 55 - -42 - -29?
12
What is the value of (-7 - (-11 - (-16 + (-4 - -6)))) + 11 + -21?
-20
What is the value of -9 + -50 + -4 + 47?
-16
What is -30 + 47 - 26 - (-3 - 0 - -2)?
-8
Calculate (2 - -2 - (-5 + 0)) + 21 + -25 + 51.
56
(21 - (2 - -3)) + (-363 - -368)
21
-3 - -1 - (-26 - (-1 + -27) - (79 - 15))
60
Evaluate (-6 - (-7 - 6)) + -136 + 156.
27
Calculate -2 + -49 + 1 + -5 + 1 + (-25 - -23).
-56
Calculate -2158 + 2216 - (20 - 0).
38
What is 19 - (-175 + 177 - (-4 + 0) - -2)?
11
Evaluate -60 + -142 + 79 + 29.
-94
Evaluate (662 - 636) + -3 + 19.
42
Evaluate -12 + 11 + 56 + -117 + 69.
7
Calculate -14658 + 14661 - ((1 - -25) + (1 - 0)).
-24
Calculate 1 + -1 + -2 - ((-26 - (-70 - -18)) + 24).
-52
What is the value of 1 - (15 + -18 + (10 - 2) + -47)?
43
What is the value of 3 + (15 + -10 - (-2 - -12))?
-2
Evaluate (-1 - (-3 - (1 - (5 + 27)))) + (28 - 33).
-34
Evaluate (10 - -1) + 197 + -235 + -77.
-104
What is -73 + (69 - -25) - (2 + -6 + 4 - 4)?
25
Calculate -5 + 86 - (-55 - -225).
-89
What is the value of 3 + (-2 - -13) + -41 + 17?
-10
What is the value of 1 + -6 + (-115 - (-2 - (0 - 18)))?
-136
Evaluate -22 - (-25 + 14) - -6 - -10 - -9 - 26.
-12
What is (186 - 379 - -220) + (0 - 62)?
-35
What is the value of -2 + -13 + -6 + 14 + 9 + 48?
50
What is 44 + (-109 - -55) + (7 - 93)?
-96
What is the value of (63 - 16) + (36 - 29) + 35?
89
(56 - -2) + (-3760 - -3694)
-8
(-41 - -59) + 49 - -6
73
Calculate -1 - (-34 + -1 + (44 - 107) + 56).
41
What is the value of 2083 + -2179 - (4 - 2 - -4) - -17?
-85
What is the value of (168 + -158 - (18 + -1)) + -12 + -4?
-23
What is 3 + -4 + (144 - 136) + -41 + 1 + 1?
-32
Evaluate -39 - (29 - (-2 + 25)).
-45
What is 8 + 8 + -11 + -23 - 68?
-86
Calculate (77 - 58) + -17 + -22 + 32.
12
-13 - (52 + -7 + -22 - 109)
73
What is the value of (-24 + 40 - (13 + 0)) + -38 + -5 + 1?
-39
What is the value of -4 + (-31 - (17 + (0 - 13))) + 0?
-39
(7 - -32) + -1 + 9 + 6
53
Calculate 658 + -758 - (-15 + 38).
-123
-27 + (48 - (17 - 51))
55
What is -8 - (0 + -34 + 12) - (27 + -1)?
-12
-1 + 11 + 27 - (82 + -70)
25
Evaluate -320 - -292 - (-4 - -2).
-26
Calculate 1553 - 1417 - (120 - 2).
18
Evaluate (81 - 2) + (-1809 - -1772).
42
0 + 16 + -4 + (98 - 25) + 0
85
-28 + 28 + 7 + 0 + (-3 - (2 - -46))
-44
Evaluate -35 + 119 + (-76 - 5) + (0 - 20).
-17
Calculate 77 + (15 - 8) + -25 + (5 + -1 - -2).
65
What is (-3 - -15) + (5 - -6) + -18 + -22 + -50?
-67
Calculate 10 - 0 - (4 + 10) - (-2 - 0 - -41).
-43
What is the value of 72 + -1 - ((-49 - (-121 - -47)) + -37)?
83
(-70 - (-232 - -101)) + -135
-74
What is the value of (-56 - -15 - 25) + 62?
-4
What is the value of (1 - -45 - (1 + -1)) + (-114 - -173 - 63)?
42
Calculate (-17 + -46 - 4) + 62.
-5
What is the value of -35 + 27 + -8 + (-2 - -13) + -7 + -69?
-81
What is the value of -45 - (-25 + 17 + -3 + -90)?
56
What is (-94 - -66) + 8 + -1 - (-3 + -5 + 11)?
-24
(-24 - (-8 + -14)) + 7 + 14
19
Calculate 41 + (11 - (-19 + 15 - 4) - (2 + 4)).
54
What is (41 - 15) + 45 - 144?
-73
Calculate 183 + -38 + -73 - 157.
-85
What is 58 + -27 + -43 - (-60 + 13)?
35
Evaluate -1 - 31 - (0 + (29 - 30) - (-1 - -3)).
-29
-5 + -1 - (11 - 23) - (-4 - -32)
-22
Evaluate 20 + (-7 - (-106 - -3) - (-4 - -13)).
107
What is the value of -52 - ((6 + (-2 - 2) - (-64 - -75)) + 11)?
-54
Evaluate 37 - -1 - (-4 - (-15 + 28 - (6 + -1))).
50
Calculate (-579 - -590 - (2 - 0) - -4) + 78.
91
What is the value of (0 - 8 - 2) + (-72 - (-12 + 33 + -15))?
-88
What is the value of 139 - (37 + 48 + 122)?
-68
Evaluate -13 + 104 + (75 - 113).
53
What is the value of -97 + 225 - 155 - (-1 + -10 - 1)?
-15
What is 0 + -58 + 4319 + -4286?
-25
Calculate (-100 - (-86 + -43)) + (-12 - -1).
18
What is the value of 3 + 68 + 1 + -19273 + 19256?
55
Calculate -10 + (10 + 3 + -61 + 49 - -24).
15
Calculate (-11 + 25 + -13 - (1 - -7)) + -38 + 2.
-43
16 + -26 - -6 - (-99 - 5) - (-11 + 1)
110
What is the value of (0 - 39) + 1788 + -1768?
-19
Calculate (0 - 3 - (7 + (-5 - (19 + -13)))) + -142.
-141
Calculate (27 - 56 - -17 - 1) + -17.
-30
Evaluate 3 + -1 + (-1 - (27 + 40 + 1 + 6)).
-73
Evaluate -1 + 4